10).
8
Let k(f) = -f - 3. Give k(7).
-10
Let s(j) = j**2 + 13*j - 11. Calculate s(6).
103
Let n(z) = z**3 + 15*z**2 + 13*z - 36. Calculate n(-14).
-22
Let x(u) = 8*u**2 + 2*u - 7. Calculate x(2).
29
Let i(m) = -m + 27. Calculate i(14).
13
Let n(y) = -y**2. What is n(-1)?
-1
Let l(o) = 2*o**2 - 7*o - 23. Calculate l(6).
7
Let g(p) = 5*p + 9. What is g(-2)?
-1
Let t(o) = -3*o + 2. Calculate t(-1).
5
Let r(s) = s - 6. Calculate r(3).
-3
Let r(z) = z**3 - 6*z**2 + 2*z + 3. Determine r(3).
-18
Let s(x) = -x**2 - 42*x - 91. Calculate s(-40).
-11
Let z(g) = g**3 - 8*g**2 - 8*g + 2. Calculate z(9).
11
Let u(o) = -o**2 - 2*o - 17. Give u(-7).
-52
Let i(k) = -k**3 + 11*k**2 - 8*k - 14. Determine i(10).
6
Let j(h) = -6*h**2 - 16*h - 15. What is j(-1)?
-5
Let w(g) = g**2 - 2*g - 33. Calculate w(7).
2
Let f(d) = 12*d + 59. What is f(-5)?
-1
Let o(r) = -12*r**2 + 3. Determine o(2).
-45
Let p(k) = -k**3 - 9*k**2 + 6*k + 5. Determine p(-10).
45
Let y(g) = g - 29. What is y(38)?
9
Let y(g) = -g**3 - 2*g**2 - 2*g + 1. What is y(0)?
1
Let h(l) = l**2 - 4. Give h(-2).
0
Let u(o) = -5*o + 7. Give u(7).
-28
Let h(z) = z**3 + 6*z**2 - 4*z + 9. Calculate h(-7).
-12
Let w(n) = -n**2 + 2*n + 9. Determine w(4).
1
Let d(h) = -h + 2. Give d(3).
-1
Let m(x) = -x**3 - 12*x**2 + 12*x - 13. What is m(-13)?
0
Let b(l) = l**2 - 11*l - 1. Give b(11).
-1
Let p(m) = m**3 - 16*m**2 - 2*m + 36. What is p(16)?
4
Let d(l) = -2*l + 31. Give d(17).
-3
Let d(b) = -5*b - 9. Determine d(7).
-44
Let q(h) = h**3 + 11*h**2 + 8*h - 11. Give q(-10).
9
Let g(b) = -7*b**2 - 10*b + 13. What is g(2)?
-35
Let h(k) = -k**2 - 21*k - 53. What is h(-18)?
1
Let j(m) = -2*m**2 - 5*m - 1. Determine j(-4).
-13
Let x(d) = 22*d**2. What is x(1)?
22
Let d(i) = -i**3 + 12*i**2 - 2*i - 28. Give d(12).
-52
Let d(h) = -h**3 + 12*h**2 + 14*h + 2. Calculate d(13).
15
Let o(r) = -r**3 - 9*r**2 + 9*r + 16. Calculate o(-9).
-65
Let j(o) = 105*o + 525. Calculate j(-5).
0
Let c(z) = -z**3 - 14*z**2 - 25*z - 15. Give c(-12).
-3
Let w(l) = -l**2 - 12*l - 12. Give w(-4).
20
Let n(o) = o**2 + 13*o - 20. Give n(-13).
-20
Let q(y) = 27*y. Determine q(1).
27
Let x(f) = f**2 + 21*f + 8. Determine x(-21).
8
Let d(v) = v**3 + 32*v**2 + 25*v - 189. Calculate d(-31).
-3
Let h(o) = 3*o + 4. Give h(-1).
1
Let x(u) = -u**2 + 3*u + 11. Determine x(7).
-17
Let j(b) = 2*b**2 - 2*b + 12. Determine j(-7).
124
Let o(j) = 3*j + 37. What is o(-5)?
22
Let j(u) = -u**3 - 2*u**2 - 3*u - 2. Calculate j(0).
-2
Let y(l) = l - 1. Calculate y(13).
12
Let h(z) = -5*z**3 - z**2. Determine h(1).
-6
Let a(n) = -n**3 - n**2 - 12*n + 11. Give a(0).
11
Let c(g) = -g**3 + 5*g**2 - 6*g + 2. Determine c(4).
-6
Let z(h) = -h**3 - 9*h**2 + 2*h + 13. Give z(-9).
-5
Let c(q) = -7*q**2 + 7*q - 2. What is c(3)?
-44
Let i(f) = -f - 31. Calculate i(-14).
-17
Let v(s) = s**2 + 6*s + 1. Calculate v(-4).
-7
Let a(j) = -j**2 - 23*j + 84. Determine a(-26).
6
Let b(i) = i**2 + 7*i + 8. Give b(-7).
8
Let j(f) = 2*f**2 + 5*f + 5. Calculate j(-4).
17
Let d(l) = l**3 - 29*l**2 - 3*l + 91. Calculate d(29).
4
Let g(f) = 34*f + 5. Determine g(2).
73
Let w(q) = -q**3 + 9*q**2 + 11*q + 12. Give w(10).
22
Let y(g) = -2*g - 23. Determine y(-3).
-17
Let h(i) = -i**3 + 12*i**2 + 13*i - 13. Give h(13).
-13
Let j(i) = -i**3 + 34*i**2 + 2*i - 76. Calculate j(34).
-8
Let r(l) = l**3 + 21*l**2 - 32*l - 225. Give r(-22).
-5
Let d(r) = r - 46. Calculate d(19).
-27
Let l(y) = y**3 + 5*y**2 + 2*y. Give l(-2).
8
Let k(b) = -3*b**2 + 3*b - 2. Give k(2).
-8
Let f(q) = -67*q + 3. Give f(-1).
70
Let j(k) = -2*k**2 + 6. Calculate j(-4).
-26
Let n(v) = -13*v + 6. What is n(4)?
-46
Let p(o) = 27*o + 1237. Determine p(-46).
-5
Let k(n) = n**3 + 6*n**2 - 4*n + 2. What is k(-7)?
-19
Let r(l) = -52*l - 107. Calculate r(-2).
-3
Let g(u) = 11*u**2 + 1. Determine g(1).
12
Let d(v) = v**3 - v**2 - 3*v - 7. Determine d(4).
29
Let j(n) = -n - 82. Determine j(21).
-103
Let p(q) = q**2 - 16*q + 57. Determine p(7).
-6
Let y(j) = j**3 - 6*j**2 - 11*j + 1. What is y(8)?
41
Let q(u) = -u**3 + 11*u**2 + 13*u - 1. What is q(12)?
11
Let b(r) = 61*r**2 - 425*r - 8. Calculate b(7).
6
Let z(m) = -6*m + 4. Give z(-4).
28
Let r(l) = -6*l - 9. What is r(-6)?
27
Let y(s) = -17*s. What is y(-1)?
17
Let f(k) = -k**2 + 4*k - 5. Give f(4).
-5
Let p(z) = z**2 - 6. Give p(3).
3
Let z(o) = o**2 - 8*o. What is z(7)?
-7
Let y(x) = -3*x + 27. Determine y(13).
-12
Let n(t) = -t**3 + 4*t**2 + 4*t. Determine n(4).
16
Let v(j) = -j**2 + 11*j + 77. Calculate v(-5).
-3
Let x(a) = -13*a - 2. Determine x(2).
-28
Let v(p) = 4*p - 15. Give v(10).
25
Let d(k) = 2*k**2 + 46*k + 3. What is d(-23)?
3
Let i(z) = -62*z**2 + 182*z + 6. Give i(3).
-6
Let j(k) = -89*k + 466. Give j(5).
21
Let y(b) = -b**3 + b**2 + 7*b - 6. What is y(2)?
4
Let p(g) = 13*g**3 + g**2 + g. Give p(-1).
-13
Let w(o) = 48*o - 14. What is w(1)?
34
Let n(r) = -r**2 - 4*r - 3. What is n(-2)?
1
Let p(b) = b**3 - 6*b**2 - 11*b + 9. Give p(7).
-19
Let z(h) = -3*h + 19. What is z(-7)?
40
Let s(y) = y**3 + 11*y**2 + 32*y + 5. Determine s(-6).
-7
Let y(c) = 2*c**3 - 2*c**2 - c - 1. What is y(-1)?
-4
Let l(i) = 3*i - 11. Determine l(4).
1
Let j(h) = -h**2 - 6*h - 4. Calculate j(-9).
-31
Let c(k) = -k**2 + 12*k - 8. Calculate c(8).
24
Let o(x) = -x**3 + 15*x**2 - 15*x + 18. Give o(14).
4
Let c(d) = d + 21. Calculate c(-11).
10
Let r(o) = o**3 + 3*o**2 - 2*o - 54. Determine r(0).
-54
Let d(o) = 2*o**2 + 48*o + 79. Determine d(-21).
-47
Let a(t) = -t**3 - 11*t**2 - 6*t + 44. Give a(-10).
4
Let y(j) = 14*j + 11. Calculate y(-5).
-59
Let t(h) = -18*h + 40. Determine t(10).
-140
Let r(u) = u**3 + 9*u**2 + 4*u + 25. Determine r(-8).
57
Let p(b) = b**3 - 12*b**2 - 15*b - 1. What is p(13)?
-27
Let n(w) = -8*w - 463. Give n(-58).
1
Let a(g) = g - 13. Give a(15).
2
Let t(o) = -o**3 + 47. Give t(0).
47
Let f(x) = 10*x - 103. What is f(11)?
7
Let a(y) = 5*y - 76. Determine a(11).
-21
Let c(v) = -v**3 - 5*v**2 + 3*v + 1. What is c(-6)?
19
Let q(v) = -2*v**2 + 14*v - 25. Determine q(11).
-113
Let q(o) = o**2 + o + 6. Determine q(7).
62
Let f(y) = 2*y + 18. Determine f(-8).
2
Let u(l) = l**2 - 18*l + 25. What is u(17)?
8
Let p(l) = -l**3 + 8*l**2 - 12*l + 2. Give p(6).
2
Let f(o) = o - 5. Determine f(-3).
-8
Let i(d) = 3*d**2 + 28*d - 3. Calculate i(-11).
52
Let c(r) = -18*r - 24. What is c(-7)?
102
Let o(s) = -25*s + 165. Give o(7).
-10
Let l(n) = 4*n + 10. Determine l(-6).
-14
Let n(y) = y**3 + y**2 + 6*y + 1. Give n(-2).
-15
Let z(o) = -o**3 + 11*o**2 - 10*o + 9. Determine z(8).
121
Let t(o) = o - 13. Determine t(4).
-9
Let x(o) = -2*o**3 - 20*o**2 + 16*o - 55. Give x(-11).
11
Let a(b) = -32*b + 24. What is a(1)?
-8
Let g(x) = -x**3 + 6*x**2 - 3*x + 3. Determine g(4).
23
Let g(o) = -3*o + 11. Determine g(3).
2
Let x(m) = -2*m**3 + 7*m**2 - 4*m - 2. What is x(4)?
-34
Let z(r) = -16*r**2 - 47*r + 2. Determine z(-3).
-1
Let m(p) = -p**2 + 3*p + 19. Determine m(6).
1
Let i(h) = -3*h**2 - 1. Calculate i(-3).
-28
Let i(n) = n**2 + 1. Determine i(-6).
37
Let n(m) = -3*m**2 + 6*m - 3. What is n(4)?
-27
Let w(h) = h**2 - h + 4. Calculate w(5).
24
Let c(j) = -j**3 + 6*j**2 + 24*j + 14. Determine c(8).
78
Let z(g) = g**3 - 24*g**2 + 24*g - 28. What is z(23)?
-5
Let i(d) = d**2 + 43*d - 102. Calculate i(-45).
-12
Let x(g) = -g**2 + 12*g - 13. Calculate x(9).
14
Let z(v) = -v**3 + 4*v**2 + 16*v - 13. Calculate z(6).
11
Let a(j) = -25*j + 75. What is a(4)?
-25
Let g(u) = 4*u - 3. What is g(3)?
9
Let v(y) = y**3 + 12*y**2 + 23*y - 13. Determine v(-9).
23
Let h(b) = -b**3 + 2*b**2 + 9*b - 9. What is h(2)?
9
Let o(y) = -y**3 + y**2 + 2*y - 1. Determine o(0).
-1
Let g(p) = 4*p - 77. What is g(21)?
7
Let k(n) = -69*n**3 + 3*n**2 - 3*n + 1. Calculate k(1).
-68
Let b(f) = f**3 + 18*f**2 - 40*f - 19. Determine b(-20).
-19
Let b(c) = -c**2 + 10*c - 11. What is b(7)?
10
Let x(l) = 2*l**2 + 30*l - 44. What is x(-15)?
-44
Let w(d) = -25*d - 53. Give w(-2).
-3
Let w(h) = h**2 + 3*h + 6. Give w(3).
24
Let j(o) = -o**2 - 2*o - 1. Determine j(0).
-1
Let f(u) = -u**3 + 5*u**2 - u + 2. Give f(5).
-3
Let a(u) = -u**2 + 9*u + 32. Calculate a(12).
-4
Let n(m) = m**3 - 12*m**2 - 15*m + 19. What is n(13)?
-7
Let y(w) = 2*w**2 + 41*w + 103. What is y(-17)?
-16
Let j(p) = -p - 23. Determine j(-12).
-11
Let y(q) = 23*q + 54. Calculate y(-